2114 = -591. Suppose 2634 = o*h - j. Is h prime?
False
Let o(n) = 3*n**2 - 39*n + 13. Let x be (2/4 - (-25)/(-30))*0. Let r be (-16)/(-12)*(x + -3)*3. Is o(r) prime?
False
Suppose 21*b = 18 - 60. Let g(t) be the first derivative of -247*t**2/2 - t + 1. Is g(b) a composite number?
True
Let h(x) = -4*x + 6. Let u be h(-2). Suppose l - u = -11. Suppose 10205 = l*q - 4138. Is q a composite number?
True
Suppose 15*w = 32 + 178. Is w/(-8)*1108*(-1 - 0) prime?
False
Let y(q) = 16*q + 13*q - 2*q**3 + 11 - 38*q + 12*q - 3*q**2. Is y(-6) a prime number?
True
Suppose 0 = 4*d - 11 - 5. Let j(v) = 4*v**3 + 5*v**2 - 7*v + 9. Let k be j(d). Suppose 0 = n - 3*y - 456, 5*y - k = 4*n - 2120. Is n a prime number?
False
Suppose 2*p - 1 = -3*l + 6, 5 = -5*l. Suppose -3*f - p*h = 5, 3*f + 27 = 6*f - 3*h. Suppose 5*g = 4*z - 12326, f*z + 2*g + 0*g = 15391. Is z a composite number?
False
Let b = 13 - 10. Suppose b*s + 1425 = 5*u, 0 = 3*u - s - 4*s - 855. Suppose -21 = 4*f - 4*d - 309, -4*f + 3*d + u = 0. Is f prime?
False
Let s(w) = 5*w**3 - 3*w**2 + 3*w - 2. Let j be s(1). Is (10610/20)/(j/6) a composite number?
False
Let v(u) = 3*u**2 + 12. Let x(n) = 16*n**2 + n + 61. Let m(b) = 11*v(b) - 2*x(b). Let z be m(6). Suppose -2*i = -z - 40. Is i a prime number?
True
Let p(y) be the second derivative of y**4/12 - 17*y**3/6 + 2*y**2 - 2*y. Let s be p(17). Suppose -s*u + 3612 = 3*z + z, 3*u = 3*z - 2733. Is z composite?
False
Suppose -5*i + 1799625 = 281*b - 276*b, 0 = -3*b + i + 1079767. Is b a composite number?
True
Suppose 5*l + 18 = 38. Suppose o = -l*o. Suppose o = 4*p + 117 - 1793. Is p a prime number?
True
Suppose -5*u - 87 + 355 = 4*h, -4*u + 200 = -4*h. Suppose -62*x + 73550 = -u*x. Is x prime?
False
Suppose 5*k = o - 14878, 73 - 78 = -k. Is o a composite number?
True
Suppose -114*d + 29755148 + 3827419 = 9*d. Is d a composite number?
False
Is -2 + (-562866)/(-16) + (-68)/544 prime?
False
Let u(v) = 345*v**2 - 19*v - 367. Is u(19) a composite number?
False
Let v(j) = 28*j - 163. Let z be v(6). Suppose z*f + 2*s - 199293 = 0, 0 = 4*f - 2*s - 70522 - 88898. Is f a prime number?
True
Suppose 2*l = 2*o + 96, -3*o = -5*o + 4*l - 86. Let q(g) = -g**2 - 28*g - 34. Let x be q(-28). Let i = x - o. Is i composite?
False
Let o = -72 + 76. Suppose 8 = -4*y, -2*v = -o*v + 2*y + 4878. Is v a composite number?
False
Let j(h) = h**3 + 15*h**2 + 3*h - 5. Suppose -6*q + 72 = -15*q. Is j(q) a prime number?
True
Let t = -999 - -1022. Suppose 20*o - t*o - 5*k = -57656, -o - 5*k + 19222 = 0. Is o a prime number?
False
Let q(i) = i**2 - 16*i - 2. Let x be q(0). Is 3/2 + (x - 6495/(-2)) a prime number?
False
Is 237955 - (16 - (36 - 16)) composite?
False
Let y(f) = -4*f + 54. Let m be y(13). Suppose 2*r + m = 0, b - 2666 = -2*b - r. Is -2*8898/(-28) + (-508)/b a composite number?
True
Let o(r) = r**3 - 12*r**2 + 18*r + 24. Let j be o(25). Let x = 16518 - j. Is x prime?
True
Let k(n) = 59*n**2 - n - 8. Let w be k(6). Suppose -24*i = -177 - 63. Suppose -i*x - w = -12*x. Is x a composite number?
True
Suppose 36*s - 132235 = 1332394 + 88879. Is s a composite number?
True
Let k(x) be the third derivative of x**6/120 + 19*x**5/60 + 5*x**4/12 - 17*x**3/6 - 18*x**2. Let r be k(-18). Let b = 16 + r. Is b a composite number?
True
Suppose -3*s = 3*q - 576168, -2*s + 56803 = -q + 248874. Is q a composite number?
True
Suppose -2*x - l + 15444 = 0, 300 = 3*x - 3*l - 22848. Let a = x + -3329. Is a a prime number?
True
Suppose -778*n + 782*n + 5*k = 455241, 2*n - 227621 = -3*k. Is n a composite number?
False
Suppose -2*y - 2*x + 27 = 3*y, 0 = -5*y + 2*x + 23. Suppose y*d - 27786 = p, 4*p = -3*d + 12940 + 3727. Is d composite?
False
Let b = -44 + 47. Suppose 3*l - 2*l - b = 0. Suppose x - 3*d - 668 = 1768, -7272 = -3*x - l*d. Is x a composite number?
True
Let k(h) = h + 4. Let u be k(-2). Suppose -2*x = -2*o - 4, 7*x + 2*x = 4*o + 38. Is u/x - 3850/(-15) a prime number?
True
Let i be 3 - (1845/10)/((-15)/(-140)). Let a = -1178 - i. Is a a prime number?
True
Suppose -12*l - z = -10*l - 71885, 3*l - 5*z = 107808. Is l a prime number?
False
Let f(p) = p**2 + 7*p - 20. Let z be f(-10). Let j = z - 8. Suppose a - j*a = -587. Is a a composite number?
False
Let i = 176 - 172. Suppose 4*f - 8*f = i*c - 4472, -f = -5*c - 1112. Is f a prime number?
True
Is (-4)/(-10 - -2 - -6) - -1572 composite?
True
Let a be 4*(0 - 108/8) + -1. Is a/(-22)*1262/5 composite?
False
Suppose 2*c - 45 = -3*f + 50, 170 = 5*f + c. Let w be 10/f + (-90)/21. Is 1 - (w + 8) - -1562 composite?
False
Suppose 53910 = 61*i - 134533 + 20266. Suppose 0 = -4*j + 5*k + 40, j = 2*j - 4*k - 21. Suppose -537 = -w + 4*h, -j*w + h + i = -h. Is w prime?
False
Is (-26125288)/(-174) - (-2)/(-6) prime?
False
Suppose -4*s = 4*s - 11984. Let d = s + 630. Let p = 3885 - d. Is p a prime number?
False
Let l = -94993 - -133938. Is l a prime number?
False
Let k(l) be the first derivative of -l**5/4 - 5*l**4/6 - 4*l**3/3 + 5*l**2 + 5*l - 1. Let w(s) be the first derivative of k(s). Is w(-7) composite?
False
Let z = -179049 + 329162. Is z prime?
False
Let w = -10652 + 13591. Is w a composite number?
False
Suppose -28233198 - 11656679 + 6079158 = -47*q. Is q composite?
False
Let l(x) be the first derivative of -x**4/4 + 4*x**3/3 + 9*x**2/2 + 2*x - 6. Let o be l(5). Is (-300210)/(-110) - (26/o - 1) composite?
False
Suppose -312998 - 1481870 = -5*u + 1647. Is u prime?
False
Let n be 24/(-60) - (-16004)/10. Suppose q = 2*a - 3030, -q + n = 4*a - 4448. Is a a prime number?
False
Suppose 49*r - 5543762 - 1095569 = -1550730. Is r prime?
False
Is (-3960)/220 - (-387630 - 1) composite?
False
Suppose 18*z - 39 - 15 = 0. Is ((-13)/(-52))/(z/24636) a prime number?
True
Suppose 0 = 27*t - 102189 - 542344 - 1145054. Is t composite?
True
Let l = 310 + -306. Suppose 5*h - 2*z - 89523 = 0, -l*h - z - 2*z + 71623 = 0. Is h a prime number?
False
Suppose 53*b + 176 = 61*b. Suppose -126626 = -b*r - 23556. Is r a prime number?
False
Suppose 5*u + j - 70 = -j, -j - 21 = -u. Let o = u + -14. Is (-1495)/(-10) + (-1)/o a composite number?
False
Let v(d) = 1181*d + 2. Let w be 116/(-406) + (-107)/(-7). Is v(w) a composite number?
True
Suppose 66 = 3*n - 3*t, 2*t - 67 = 5*n - 186. Suppose -4196 = 23*x - n*x. Is x composite?
True
Let n be -1167*8/12 - (2 + -4). Let s = 1989 + n. Is s a prime number?
True
Let h = -45 + 33. Let k be (-5 - (-5 + 7))/(1/h). Let q = k - -5. Is q a composite number?
False
Let q be (16/20)/(4/40). Suppose 2*i - 1206 = q*i. Let x = 358 + i. Is x a prime number?
True
Let q(w) = -2*w**2 + 28*w - 10. Let b be q(13). Let g = b - 16. Suppose g = -d + 796 + 1107. Is d a composite number?
True
Let k(y) be the first derivative of -2*y - 71/4*y**4 - 2/3*y**3 + 34 - 3*y**2. Is k(-3) composite?
True
Suppose 0 = 3*x - p - 8, 2*p = -5*x + 3*p + 10. Let u be 69/9 + 3 - x/(-3). Let k(v) = -v**3 + 11*v**2 + 4*v - 21. Is k(u) prime?
True
Is (5/(-20))/((-10278194)/1713032 - -6) prime?
True
Let o(b) be the third derivative of b**6/120 - 2*b**5/15 - 5*b**4/8 + 13*b**3/6 - 15*b**2 + 1. Let f = -1 - -12. Is o(f) a composite number?
False
Suppose -8*h - 18*h = 156. Is 4/12 + (-6520)/h composite?
False
Is (-802797)/(-6) - 699/(-466) prime?
True
Suppose 14993 = 4*q - 5*r, 4*q + 5*r - 18730 = -q. Is ((-2)/(-24)*-4)/((-1)/q) prime?
True
Let b(n) = 13*n**2 - 10*n - 10. Let i(r) = r + 0*r - 8*r - 1 + r. Let p be i(-1). Is b(p) a prime number?
False
Suppose -2*l + 65 = 45. Suppose -2080 = l*t - 14*t. Suppose w + 141 = t. Is w composite?
False
Let h = -7908 + 2363. Let q = h - -13988. Is q a prime number?
True
Let c(q) = -q**3 + 14*q**2 + 2. Let a be c(14). Let m be (5/a + -3)*-470. Let k = 702 - m. Is k composite?
False
Let g be (-2)/10 - 144/30. Let f be ((-11)/g)/(21/105). Is 4623 + 2 - (15 - f) composite?
False
Let o = -36369 - -65042. Is o prime?
False
Let z be (-1)/4*2*-10. Suppose -z*m - w = 677, 2*m - 274 = 4*m + 2*w. Is (-121335)/m + (-3)/(54/(-4)) composite?
True
Is (-3)/(281/1405 - (-293468)/(-1467190)) prime?
True
Suppose 47*n - 601295 = 4166150. Is n a prime number?
False
Suppose 5*d + 16*l - 21*l + 27980 = 0, -16828 = 3*d + 5*l. Let i = d + 10790. Is i prime?
True
Let s be (-2 - (-27)/3) + 5267. Is 8/(-2)*(s/(-8) + 2) a prime number?
False
Suppose 118*h - 20 = 120*h. Is (3*13386/45